de 1640?
True
Is 29 a factor of 4445?
False
Is 28 a factor of 9044?
True
Does 134 divide 12194?
True
Is 48 a factor of 720?
True
Does 32 divide 22648?
False
Is 3 a factor of 3?
True
Does 6 divide 236?
False
Does 51 divide 459?
True
Is 10 a factor of 7241?
False
Is 23976 a multiple of 162?
True
Does 32 divide 41024?
True
Is 53 a factor of 583?
True
Is 14 a factor of 35468?
False
Is 69 a factor of 14007?
True
Is 10135 a multiple of 80?
False
Does 164 divide 1968?
True
Is 32 a factor of 2528?
True
Does 28 divide 2135?
False
Is 7252 a multiple of 148?
True
Is 19 a factor of 950?
True
Is 3330 a multiple of 74?
True
Is 3016 a multiple of 13?
True
Is 22 a factor of 1081?
False
Is 5 a factor of 1015?
True
Does 16 divide 176?
True
Does 13 divide 5427?
False
Does 15 divide 987?
False
Is 11 a factor of 141?
False
Is 16 a factor of 290?
False
Is 2544 a multiple of 13?
False
Does 19 divide 988?
True
Does 45 divide 2159?
False
Is 2127 a multiple of 21?
False
Does 10 divide 46?
False
Is 33183 a multiple of 377?
False
Is 19557 a multiple of 41?
True
Is 3063 a multiple of 94?
False
Does 72 divide 1550?
False
Is 61 a factor of 52449?
False
Is 8 a factor of 741?
False
Is 180 a factor of 180?
True
Is 277 a multiple of 13?
False
Is 420 a multiple of 35?
True
Does 13 divide 170?
False
Is 620 a multiple of 20?
True
Is 19 a factor of 370?
False
Does 62 divide 5430?
False
Does 24 divide 2736?
True
Is 6 a factor of 373?
False
Is 7 a factor of 2762?
False
Is 449 a multiple of 4?
False
Is 9570 a multiple of 58?
True
Is 8466 a multiple of 83?
True
Does 60 divide 3780?
True
Is 7 a factor of 1400?
True
Is 935 a multiple of 5?
True
Does 2 divide 143?
False
Is 14212 a multiple of 15?
False
Is 287 a factor of 63140?
True
Is 48 a factor of 627?
False
Is 190 a multiple of 6?
False
Is 6 a factor of 1164?
True
Does 3 divide 6959?
False
Is 7155 a multiple of 45?
True
Is 1417 a multiple of 109?
True
Does 400 divide 103137?
False
Is 8 a factor of 29052?
False
Does 12 divide 348?
True
Is 8 a factor of 5229?
False
Does 6 divide 156?
True
Does 14 divide 2005?
False
Does 6 divide 53272?
False
Does 46 divide 5105?
False
Does 6 divide 592?
False
Is 8064 a multiple of 24?
True
Is 4 a factor of 1852?
True
Is 99 a factor of 990?
True
Is 261 a multiple of 3?
True
Is 4575 a multiple of 29?
False
Is 166 a factor of 8124?
False
Is 67 a factor of 283?
False
Is 23 a factor of 11726?
False
Does 16 divide 64128?
True
Is 50 a factor of 3700?
True
Does 6 divide 697?
False
Is 2856 a multiple of 357?
True
Does 22 divide 440?
True
Is 528 a multiple of 8?
True
Is 30 a factor of 71582?
False
Does 102 divide 86469?
False
Is 15 a factor of 495?
True
Is 109819 a multiple of 71?
False
Is 432 a multiple of 9?
True
Is 50 a factor of 2055?
False
Is 17548 a multiple of 18?
False
Does 4 divide 60?
True
Is 77 a factor of 2387?
True
Is 23868 a multiple of 78?
True
Is 216 a factor of 106857?
False
Does 63 divide 5038?
False
Does 53 divide 318?
True
Is 1614 a multiple of 5?
False
Does 8 divide 43625?
False
Is 44 a factor of 3341?
False
Does 5 divide 375?
True
Is 185 a multiple of 5?
True
Is 54 a factor of 6102?
True
Is 47 a factor of 76778?
False
Does 52 divide 12114?
False
Is 138 a factor of 22770?
True
Is 1994 a multiple of 6?
False
Is 23 a factor of 575?
True
Does 40 divide 5175?
False
Does 9 divide 34?
False
Is 67 a factor of 1675?
True
Does 143 divide 31678?
False
Is 93 a factor of 3534?
True
Is 9 a factor of 123?
False
Is 8805 a multiple of 27?
False
Does 24 divide 13515?
False
Is 1920 a multiple of 96?
True
Does 16 divide 38368?
True
Does 109 divide 1749?
False
Is 34646 a multiple of 17?
True
Is 368 a multiple of 4?
True
Is 11 a factor of 6367?
False
Does 13 divide 168?
False
Is 24 a factor of 168?
True
Does 62 divide 25766?
False
Is 3508 a multiple of 47?
False
Is 18118 a multiple of 42?
False
Is 2100 a multiple of 30?
True
Is 10 a factor of 2500?
True
Does 24 divide 1011?
False
Does 14 divide 39026?
False
Is 144 a factor of 52560?
True
Is 3 a factor of 244?
False
Is 7344 a multiple of 8?
True
Is 24123 a multiple of 55?
False
Is 18 a factor of 198?
True
Does 46 divide 788?
False
Does 189 divide 25731?
False
Does 61 divide 1029?
False
Is 768 a multiple of 16?
True
Is 37413 a multiple of 22?
False
Does 9 divide 434?
False
Is 2130 a multiple of 71?
True
Is 22 a factor of 341?
False
Does 14 divide 2580?
False
Is 14 a factor of 490?
True
Is 5561 a multiple of 29?
False
Is 30 a factor of 1959?
False
Is 340 a multiple of 5?
True
Is 1162 a multiple of 19?
False
Is 75 a factor of 37425?
True
Is 16016 a multiple of 7?
True
Is 16973 a multiple of 9?
False
Does 6 divide 508?
False
Does 10 divide 270?
True
Is 29 a multiple of 8?
False
Does 7 divide 2681?
True
Is 261 a multiple of 13?
False
Is 45 a factor of 37164?
False
Does 13 divide 27469?
True
Is 6 a factor of 366?
True
Is 1404 a multiple of 9?
True
Is 105 a factor of 105?
True
Is 19809 a multiple of 110?
False
Does 18 divide 162?
True
Is 128 a multiple of 9?
False
Is 2175 a multiple of 5?
True
Is 24533 a multiple of 244?
False
Is 53 a factor of 1201?
False
Does 9 divide 2475?
True
Is 11292 a multiple of 37?
False
Is 96 even?
True
Does 8 divide 771?
False
Is 58 a factor of 419?
False
Is 24 a factor of 12853?
False
Does 11 divide 638?
True
Does 36 divide 1993?
False
Is 39 a factor of 121291?
False
Does 12 divide 14004?
True
Is 384 a multiple of 13?
False
Is 9261 a multiple of 21?
True
Does 23 divide 1035?
True
Does 95 divide 7885?
True
Does 11 divide 2758?
False
Does 27 divide 675?
True
Does 140 divide 16100?
True
Is 24 a factor of 3768?
True
Is 3780 a multiple of 14?
True
Is 56 a factor of 5320?
True
Is 79 a multiple of 79?
True
Is 21 a factor of 3003?
True
Is 93 a factor of 44763?
False
Is 14 a factor of 672?
True
Is 18445 a multiple of 7?
True
Does 15 divide 3737?
False
Is 39 a multiple of 6?
False
Is 12150 a multiple of 6?
True
Is 5460 a multiple of 15?
True
Is 6568 a multiple of 85?
False
Does 29 divide 3436?
False
Is 42826 a multiple of 23?
True
Does 25 divide 2973?
False
Does 11 divide 909?
False
Is 53 a factor of 4528?
False
Does 18 divide 2381?
False
Is 49 a factor of 392?
True
Is 13 a factor of 6879?
False
Is 539 a multiple of 7?
True
Is 1262 a multiple of 10?
False
Does 103 divide 5491?
False
Is 49 a multiple of 3?
False
Is 11 a factor of 1199?
True
Does 140 divide 9800?
True
Is 496 a multiple of 31?
True
Is 9 a factor of 3501?
True
Is 317 a multiple of 6?
False
Is 9 a factor of 5039?
False
Is 18 a factor of 126?
True
Does 122 divide 62342?
True
Is 276 a multiple of 29?
False
Is 56 a multiple of 7?
True
Is 32 a factor of 101910?
False
Is 21 a factor of 1428?
True
Is 864 a multiple of 16?
True
Does 40 divide 360?
True
Is 47 a factor of 1222?
True
Is 979 a multiple of 21?
False
Is 122 a multiple of 61?
True
Is 12 a factor of 6132?
True
Is 5670 a multiple of 63?
True
Does 25 divide 1800?
True
Is 5 a factor of 397?
False
Is 726 a multiple of 22?
True
Is 4194 a multiple of 9?
True
Is 14 a factor of 2016?
True
Is 684 a multiple of 57?
True
Is 227 a factor of 41314?
True
Does 72 divide 5390?
False
Is 68 a factor of 3400?
True
Is 85320 a multiple of 40?
True
Is 16100 a multiple of 12?
False
Does 4 divide 181?
False
Does 12 divide 9708?
True
Does 2 divide 152?
True
Does 27 divide 1188?
True
Does 13 divide 585?
True
Is 22 a factor of 4314?
False
Is 39 a factor of 33161?
False
Is 23 a factor of 667?
True
Is 21408 a multiple of 32?
True
Is 12 a factor of 1260?
True
Is 383 a multiple of 66?
False
Is 2360 a multiple of 8?
True
Is 6330 a multiple of 10?
True
Does 135 divide 16740?
True
Is 43 a factor of 731?
True
Is 2925 a multiple of 44?
False
Does 123 divide 10310?
False
Is 83 a multiple of 11?
False
Does 310 divide 13616?
False
Is 347 a multiple of 8?
False
Does 25 divide 2825?
True
Does 47 divide 1688?
False
Is 14716 a multiple of 13?
True
Is 146 a multiple of 10?
False
Is 864 a multiple of 24?
True
Is 12 a factor of 1848?
True
Is 11 a factor of 1694?
True
Is 24 a factor of 408?
True
Is 540 a multiple of 27?
True
Is 85 a factor of 1105?
True
Is 4124 a multiple of 9?
False
Is 15 a factor of 645?
True
Does 10 divide 130188?
False
Is 65 a factor of 2600?
True
Does 78 divide 7057?
False
Is 12989 a multiple of 26?
False
Does 33 divide 17127?
True
Does 425 divide 82025?
Tru